{"id":1268,"date":"2022-12-14T10:05:49","date_gmt":"2022-12-14T10:05:49","guid":{"rendered":"https:\/\/riblanc.es\/prueba\/?page_id=1268"},"modified":"2023-02-21T12:32:01","modified_gmt":"2023-02-21T12:32:01","slug":"agroseguro","status":"publish","type":"page","link":"https:\/\/riblanc.es\/index.php\/agroseguro\/","title":{"rendered":"Agroseguro"},"content":{"rendered":"\n<div class=\"section-wrapper\" data-id=\"Ira8ak\"><section class=\"wp-block-gutenverse-section guten-element guten-section guten-Ira8ak layout-boxed align-stretch\"><div class=\"guten-background-overlay\"><\/div><div class=\"guten-shape-divider guten-shape-divider-top\"><\/div><div class=\"guten-shape-divider guten-shape-divider-bottom\"><\/div><div class=\"guten-container guten-column-gap-default\">\n<div class=\"wp-block-gutenverse-column guten-element guten-column guten-UWb9lp\"><div class=\"guten-background-overlay\"><\/div><div class=\"sticky-wrapper\" data-id=\"UWb9lp\"><div class=\"guten-column-wrapper\">\n<h5 class=\"wp-block-gutenverse-heading guten-element guten-CZOP9H animated guten-element-hide desktop-fadeInLeft\"><a href=\"https:\/\/riblanc.es\/index.php\/seguros-agrarios\/\" data-type=\"page\" data-id=\"769\">Seguros agrarios<\/a><\/h5>\n\n\n\n<h1 class=\"wp-block-gutenverse-heading guten-element guten-DZHhFF animated guten-element-hide desktop-fadeInLeft\">Agroseguro<\/h1>\n\n\n\n<div class=\"guten-element gutenverse-text-editor guten-2UJA1S animated guten-element-hide desktop-fadeInLeft\"><div class=\"text-content-inner\">\n<p>La <strong>actividad agraria<\/strong> est\u00e1 condicionada por una gran variedad de <strong>riesgos<\/strong> no controlables por el ser humano, como lo son las condiciones meteorol\u00f3gicas. En <strong>Riblanc Corredur\u00eda<\/strong> conocemos lo que estos riesgos suponen para ti, y por ello contamos con una complet\u00edsima <strong>gama de seguros<\/strong> con coberturas flexibles, para ser capaces de ofrecerte el producto que m\u00e1s se ajuste a tus necesidades.<\/p>\n<\/div><\/div>\n\n\n\n<div class=\"section-wrapper\" data-id=\"4O4mLG\"><section class=\"wp-block-gutenverse-section guten-element guten-section guten-4O4mLG layout-boxed align-stretch\"><div class=\"guten-background-overlay\"><\/div><div class=\"guten-shape-divider guten-shape-divider-top\"><\/div><div class=\"guten-shape-divider guten-shape-divider-bottom\"><\/div><div class=\"guten-container guten-column-gap-no\">\n<div class=\"wp-block-gutenverse-column guten-element guten-column guten-F6ycAQ animated guten-element-hide desktop-fadeInRight\"><div class=\"guten-background-overlay\"><\/div><div class=\"sticky-wrapper\" data-id=\"F6ycAQ\"><div class=\"guten-column-wrapper\">\n<div class=\"guten-element gutenverse-text-editor guten-uvEx5e\"><div class=\"text-content-inner\"><\/div><\/div>\n<\/div><\/div><\/div>\n<\/div><\/section><\/div>\n<\/div><\/div><\/div>\n\n\n\n<div class=\"wp-block-gutenverse-column guten-element guten-column guten-CSphzF animated guten-element-hide desktop-fadeInUp\"><div class=\"guten-background-overlay\"><\/div><div class=\"sticky-wrapper\" data-id=\"CSphzF\"><div class=\"guten-column-wrapper\">\n<div class=\"wp-block-gutenverse-image guten-element guten-image guten-1OILTa\"><a class=\"guten-image-wrapper\"><img fetchpriority=\"high\" decoding=\"async\" class=\"gutenverse-image-box-filled\" src=\"https:\/\/riblanc.es\/wp-content\/uploads\/2022\/12\/fields-gb7b102384_1280.jpg\" height=\"960\" width=\"1280\"\/><\/a><\/div>\n\n\n\n<div class=\"section-wrapper\" data-id=\"bs96P3\"><section class=\"wp-block-gutenverse-section guten-element guten-section guten-bs96P3 layout-boxed align-stretch\"><div class=\"guten-background-overlay\"><\/div><div class=\"guten-shape-divider guten-shape-divider-top\"><\/div><div class=\"guten-shape-divider guten-shape-divider-bottom\"><\/div><div class=\"guten-container guten-column-gap-default\">\n<div class=\"wp-block-gutenverse-column guten-element guten-column guten-HPfEoe\"><div class=\"guten-background-overlay\"><\/div><div class=\"sticky-wrapper\" data-id=\"HPfEoe\"><div class=\"guten-column-wrapper\"><\/div><\/div><\/div>\n<\/div><\/section><\/div>\n\n\n\n<div class=\"wp-block-gutenverse-image guten-element guten-image guten-TH6PEQ animated guten-element-hide desktop-fadeInUp\"><a class=\"guten-image-wrapper\"><img decoding=\"async\" class=\"gutenverse-image-box-filled\" src=\"https:\/\/riblanc.es\/wp-content\/uploads\/2022\/11\/hail-damage-g4696fafd5_1280.jpg\" height=\"960\" width=\"1280\"\/><\/a><\/div>\n<\/div><\/div><\/div>\n<\/div><\/section><\/div>\n\n\n\n<div class=\"section-wrapper\" data-id=\"GnuMbW\"><section class=\"wp-block-gutenverse-section guten-element guten-section guten-GnuMbW layout-boxed align-stretch\"><div class=\"guten-background-overlay\"><\/div><div class=\"guten-shape-divider guten-shape-divider-top\"><\/div><div class=\"guten-shape-divider guten-shape-divider-bottom\"><\/div><div class=\"guten-container guten-column-gap-default\">\n<div class=\"wp-block-gutenverse-column guten-element guten-column guten-VkLe9o\"><div class=\"guten-background-overlay\"><\/div><div class=\"sticky-wrapper\" data-id=\"VkLe9o\"><div class=\"guten-column-wrapper\">\n<div class=\"section-wrapper\" data-id=\"trwrwI\"><section class=\"wp-block-gutenverse-section guten-element guten-section guten-trwrwI layout-boxed align-stretch\"><div class=\"guten-background-overlay\"><\/div><div class=\"guten-shape-divider guten-shape-divider-top\"><\/div><div class=\"guten-shape-divider guten-shape-divider-bottom\"><\/div><div class=\"guten-container guten-column-gap-default\">\n<div class=\"wp-block-gutenverse-column guten-element guten-column guten-bCDVcD animated guten-element-hide desktop-fadeInLeft\"><div class=\"guten-background-overlay\"><\/div><div class=\"sticky-wrapper\" data-id=\"bCDVcD\"><div class=\"guten-column-wrapper\">\n<h2 class=\"wp-block-gutenverse-heading guten-element guten-4ogYRV animated guten-element-hide desktop-fadeInLeft\">Riesgos cubiertos (generales)<\/h2>\n\n\n\n<div class=\"section-wrapper\" data-id=\"J51g5U\"><section class=\"wp-block-gutenverse-section guten-element guten-section guten-J51g5U animated guten-element-hide desktop-fadeInLeft layout-boxed align-stretch\"><div class=\"guten-background-overlay\"><\/div><div class=\"guten-shape-divider guten-shape-divider-top\"><\/div><div class=\"guten-shape-divider guten-shape-divider-bottom\"><\/div><div class=\"guten-container guten-column-gap-no\">\n<div class=\"wp-block-gutenverse-column guten-element guten-column guten-xCXYRb\"><div class=\"guten-background-overlay\"><\/div><div class=\"sticky-wrapper\" data-id=\"xCXYRb\"><div class=\"guten-column-wrapper\">\n<div class=\"guten-element guten-icon-list guten-p53WQJ\">\n<div class=\"guten-element guten-icon-list-item guten-rhLlF6\"><a id=\"guten-rhLlF6\"><i class=\"fas fa-check\"><\/i><span class=\"list-text \"><strong>Pedrisco<\/strong><\/span><\/a><\/div>\n\n\n\n<div class=\"guten-element guten-icon-list-item guten-yZq1bv\"><a id=\"guten-yZq1bv\"><i class=\"fas fa-check\"><\/i><span class=\"list-text \"><strong>Helada<\/strong><\/span><\/a><\/div>\n\n\n\n<div class=\"guten-element guten-icon-list-item guten-MsOCgC\"><a id=\"guten-MsOCgC\"><i class=\"fas fa-check\"><\/i><span class=\"list-text \"><strong>Viento<\/strong> (huracanado)<\/span><\/a><\/div>\n\n\n\n<div class=\"guten-element guten-icon-list-item guten-OB3RkI\"><a id=\"guten-OB3RkI\"><i class=\"fas fa-check\"><\/i><span class=\"list-text \"><strong>Inundaciones<\/strong> y <strong>lluvias persistentes<\/strong><\/span><\/a><\/div>\n<\/div>\n<\/div><\/div><\/div>\n\n\n\n<div class=\"wp-block-gutenverse-column guten-element guten-column guten-TMs3Pi animated guten-element-hide desktop-fadeInLeft\"><div class=\"guten-background-overlay\"><\/div><div class=\"sticky-wrapper\" data-id=\"TMs3Pi\"><div class=\"guten-column-wrapper\">\n<div class=\"guten-element guten-icon-list guten-Ra6s9K\">\n<div class=\"guten-element guten-icon-list-item guten-69gjxX\"><a id=\"guten-69gjxX\"><i class=\"fas fa-check\"><\/i><span class=\"list-text \"><strong>Incendio<\/strong><\/span><\/a><\/div>\n\n\n\n<div class=\"guten-element guten-icon-list-item guten-NaHS0r\"><a id=\"guten-NaHS0r\"><i class=\"fas fa-check\"><\/i><span class=\"list-text \"><strong>Fauna silvestre<\/strong> o <strong>cinegetica<\/strong><\/span><\/a><\/div>\n\n\n\n<div class=\"guten-element guten-icon-list-item guten-sK9A85\"><a id=\"guten-sK9A85\"><i class=\"fas fa-check\"><\/i><span class=\"list-text \"><strong>Otros<\/strong> riesgos no controlables<\/span><\/a><\/div>\n<\/div>\n<\/div><\/div><\/div>\n<\/div><\/section><\/div>\n\n\n\n<div class=\"section-wrapper\" data-id=\"beY6dV\"><section class=\"wp-block-gutenverse-section guten-element guten-section guten-beY6dV layout-boxed align-stretch\"><div class=\"guten-background-overlay\"><\/div><div class=\"guten-shape-divider guten-shape-divider-top\"><\/div><div class=\"guten-shape-divider guten-shape-divider-bottom\"><\/div><div class=\"guten-container guten-column-gap-default\">\n<div class=\"wp-block-gutenverse-column guten-element guten-column guten-ofs2Pq\"><div class=\"guten-background-overlay\"><\/div><div class=\"sticky-wrapper\" data-id=\"ofs2Pq\"><div class=\"guten-column-wrapper\">\n<div class=\"wp-block-media-text alignwide has-media-on-the-right is-stacked-on-mobile is-vertically-aligned-center has-background\" style=\"background-color:#f0796e4f;grid-template-columns:auto 27%\"><div class=\"wp-block-media-text__content\">\n<div class=\"wp-block-group is-layout-flow wp-block-group-is-layout-flow\" style=\"padding-top:2em;padding-right:2em;padding-bottom:2em;padding-left:2em\">\n<p class=\"has-intrace-body-text-color has-text-color\" style=\"font-size:30px;line-height:1.2\">Hay riesgos no controlables que da\u00f1an tu cosecha.<\/p>\n\n\n\n<p class=\"has-intrace-body-text-color has-text-color has-normal-font-size\">Prot\u00e9gela.<\/p>\n<\/div>\n<\/div><figure class=\"wp-block-media-text__media\"><img decoding=\"async\" width=\"300\" height=\"201\" src=\"https:\/\/riblanc.es\/wp-content\/uploads\/2022\/12\/fall-g99d064647_1280-300x201.jpg\" alt=\"\" class=\"wp-image-1318 size-medium\" srcset=\"https:\/\/riblanc.es\/wp-content\/uploads\/2022\/12\/fall-g99d064647_1280-300x201.jpg 300w, https:\/\/riblanc.es\/wp-content\/uploads\/2022\/12\/fall-g99d064647_1280-1024x686.jpg 1024w, https:\/\/riblanc.es\/wp-content\/uploads\/2022\/12\/fall-g99d064647_1280-768x514.jpg 768w, https:\/\/riblanc.es\/wp-content\/uploads\/2022\/12\/fall-g99d064647_1280.jpg 1280w\" sizes=\"(max-width: 300px) 100vw, 300px\" \/><\/figure><\/div>\n<\/div><\/div><\/div>\n<\/div><\/section><\/div>\n\n\n\n<div class=\"section-wrapper\" data-id=\"SB03Na\"><section class=\"wp-block-gutenverse-section guten-element guten-section guten-SB03Na layout-boxed align-stretch\"><div class=\"guten-background-overlay\"><\/div><div class=\"guten-shape-divider guten-shape-divider-top\"><\/div><div class=\"guten-shape-divider guten-shape-divider-bottom\"><\/div><div class=\"guten-container guten-column-gap-default\">\n<div class=\"wp-block-gutenverse-column guten-element guten-column guten-g71C7t\"><div class=\"guten-background-overlay\"><\/div><div class=\"sticky-wrapper\" data-id=\"g71C7t\"><div class=\"guten-column-wrapper\">\n<h2 class=\"wp-block-gutenverse-heading guten-element guten-3wbDwJ animated guten-element-hide desktop-fadeInLeft\">Riesgos cubiertos (especiales)<\/h2>\n\n\n\n<div class=\"guten-element gutenverse-text-editor guten-emLenc animated guten-element-hide desktop-fadeInLeft\"><div class=\"text-content-inner\">\n<p>Ya sea por complejidad o limitado a algunos cultivos aseguramos tambi\u00e9n:<\/p>\n\n\n\n<div class=\"guten-element guten-icon-list guten-B3W8rT\">\n<div class=\"guten-element guten-icon-list-item guten-LYU3IV\"><a id=\"guten-LYU3IV\"><i class=\"fas fa-check\"><\/i><span class=\"list-text \"><strong>Virosis<\/strong>. Enfermedades o ocasionadas por la acci\u00f3n de los virus que provoque, alteraci\u00f3n de las hojas, de los frutos o clorosis.<\/span><\/a><\/div>\n\n\n\n<div class=\"guten-element guten-icon-list-item guten-DRbJIu\"><a id=\"guten-DRbJIu\"><i class=\"fas fa-check\"><\/i><span class=\"list-text \"><strong>No nasciencia.<\/strong> Es el no nacimiento o implantaci\u00f3n anormal del cultivo, ocurre cuando las adversidades clim\u00e1ticas de una zona lo impiden (solo cubierto en <strong>patatas<\/strong> y <strong>cereales<\/strong>).<\/span><\/a><\/div>\n\n\n\n<div class=\"guten-element guten-icon-list-item guten-6HOkZ4\"><a id=\"guten-6HOkZ4\"><i class=\"fas fa-check\"><\/i><span class=\"list-text \"><strong>Ahuecado.<\/strong> Es la deformaci\u00f3n con ahuecamiento de la pulpa de los frutos, producido por un cuajado defectuoso, a consecuencia de condiciones meteorol\u00f3gicas adversas (solo cubierto en <strong>sand\u00eda<\/strong>).<\/span><\/a><\/div>\n<\/div>\n<\/div><\/div>\n<\/div><\/div><\/div>\n<\/div><\/section><\/div>\n<\/div><\/div><\/div>\n<\/div><\/section><\/div>\n<\/div><\/div><\/div>\n<\/div><\/section><\/div>\n\n\n\n<div class=\"section-wrapper\" data-id=\"uJ4rD0\"><section class=\"wp-block-gutenverse-section guten-element guten-section guten-uJ4rD0 layout-boxed align-stretch\"><div class=\"guten-background-overlay\"><\/div><div class=\"guten-shape-divider guten-shape-divider-top\"><\/div><div class=\"guten-shape-divider guten-shape-divider-bottom\"><\/div><div class=\"guten-container guten-column-gap-default\">\n<div class=\"wp-block-gutenverse-column guten-element guten-column guten-INg7hH\"><div class=\"guten-background-overlay\"><\/div><div class=\"sticky-wrapper\" data-id=\"INg7hH\"><div class=\"guten-column-wrapper\">\n<div class=\"wp-block-columns is-layout-flex wp-container-core-columns-is-layout-28f84493 wp-block-columns-is-layout-flex\">\n<div class=\"wp-block-column is-layout-flow wp-block-column-is-layout-flow\">\n<figure class=\"wp-block-image size-full is-resized has-custom-border\"><img decoding=\"async\" src=\"https:\/\/riblanc.es\/wp-content\/uploads\/2022\/12\/huecas-edited-1.jpg\" alt=\"\" class=\"has-border-color wp-image-1285\" style=\"border-color:#f0796e4f;border-width:3px\" width=\"258\" srcset=\"https:\/\/riblanc.es\/wp-content\/uploads\/2022\/12\/huecas-edited-1.jpg 561w, https:\/\/riblanc.es\/wp-content\/uploads\/2022\/12\/huecas-edited-1-300x188.jpg 300w\" sizes=\"(max-width: 561px) 100vw, 561px\" \/><\/figure>\n\n\n\n<p class=\"has-intrace-primary-color has-text-color\" style=\"font-size:14px\"><strong>Ahuecado de sand\u00edas<\/strong><\/p>\n<\/div>\n\n\n\n<div class=\"wp-block-column is-layout-flow wp-block-column-is-layout-flow\">\n<figure class=\"wp-block-image size-full is-resized has-custom-border\"><img loading=\"lazy\" decoding=\"async\" src=\"https:\/\/riblanc.es\/wp-content\/uploads\/2022\/12\/94fbe57f-8723-4c49-914f-416db801b295-edited.jpg\" alt=\"\" class=\"has-border-color wp-image-1418\" style=\"border-color:#f0796e4f;border-width:3px\" width=\"259\" height=\"161\" srcset=\"https:\/\/riblanc.es\/wp-content\/uploads\/2022\/12\/94fbe57f-8723-4c49-914f-416db801b295-edited.jpg 768w, https:\/\/riblanc.es\/wp-content\/uploads\/2022\/12\/94fbe57f-8723-4c49-914f-416db801b295-edited-300x188.jpg 300w\" sizes=\"(max-width: 259px) 100vw, 259px\" \/><\/figure>\n\n\n\n<p class=\"has-intrace-primary-color has-text-color\" style=\"font-size:14px\"><strong>Pedrisco<\/strong><\/p>\n<\/div>\n\n\n\n<div class=\"wp-block-column is-layout-flow wp-block-column-is-layout-flow\">\n<figure class=\"wp-block-image size-full is-resized has-custom-border\"><img loading=\"lazy\" decoding=\"async\" src=\"https:\/\/riblanc.es\/wp-content\/uploads\/2022\/12\/images-2-1.jpg\" alt=\"\" class=\"has-border-color wp-image-1278\" style=\"border-color:#f0796e4f;border-width:3px\" width=\"317\" height=\"162\" srcset=\"https:\/\/riblanc.es\/wp-content\/uploads\/2022\/12\/images-2-1.jpg 315w, https:\/\/riblanc.es\/wp-content\/uploads\/2022\/12\/images-2-1-300x152.jpg 300w\" sizes=\"(max-width: 317px) 100vw, 317px\" \/><\/figure>\n\n\n\n<p class=\"has-intrace-primary-color has-text-color\" style=\"font-size:14px\"><strong>Viento huracanado<\/strong><\/p>\n<\/div>\n<\/div>\n\n\n\n<div class=\"section-wrapper\" data-id=\"3GIDLl\"><section class=\"wp-block-gutenverse-section guten-element guten-section guten-3GIDLl layout-boxed align-stretch\"><div class=\"guten-background-overlay\"><\/div><div class=\"guten-shape-divider guten-shape-divider-top\"><\/div><div class=\"guten-shape-divider guten-shape-divider-bottom\"><\/div><div class=\"guten-container guten-column-gap-default\">\n<div class=\"wp-block-gutenverse-column guten-element guten-column guten-MXNLlC\"><div class=\"guten-background-overlay\"><\/div><div class=\"sticky-wrapper\" data-id=\"MXNLlC\"><div class=\"guten-column-wrapper\">\n<div class=\"guten-element gutenverse-text-editor guten-gKAY1f animated guten-element-hide desktop-fadeInLeft\"><div class=\"text-content-inner\">\n<h2 class=\"wp-block-gutenverse-heading guten-element guten-DCBJjS animated guten-element-hide desktop-fadeInLeft\">Resto de adversidad clim\u00e1tica<\/h2>\n\n\n\n<p>Son todas aquellas p\u00e9rdidas que se deban a condiciones clim\u00e1ticas no definidas en el condicionado y no recogidas en el resto de riesgos cubiertos. Encontramos da\u00f1os como la sequ\u00eda, falta de cuajado, golpe de calor, rajado de c\u00edtricos&#8230;<\/p>\n\n\n\n<p>Deben cumplir 3 requisitos:<\/p>\n\n\n\n<ol class=\"wp-block-list\">\n<li><strong>No<\/strong> son <strong>controlables<\/strong> por el agricultor.<\/li>\n\n\n\n<li>Que <strong>afecten<\/strong> a <strong>toda la zona<\/strong> del cultivo.<\/li>\n\n\n\n<li>Que sean <strong>evaluables<\/strong>.<\/li>\n<\/ol>\n<\/div><\/div>\n<\/div><\/div><\/div>\n\n\n\n<div class=\"wp-block-gutenverse-column guten-element guten-column guten-YwM94P animated guten-element-hide desktop-fadeInLeft\"><div class=\"guten-background-overlay\"><\/div><div class=\"sticky-wrapper\" data-id=\"YwM94P\"><div class=\"guten-column-wrapper\">\n<figure class=\"wp-block-image size-large is-resized\"><img loading=\"lazy\" decoding=\"async\" src=\"https:\/\/riblanc.es\/wp-content\/uploads\/2022\/12\/tomato-geb0a06eb2_1280-1024x682.jpg\" alt=\"\" class=\"wp-image-1291\" width=\"392\" height=\"261\" srcset=\"https:\/\/riblanc.es\/wp-content\/uploads\/2022\/12\/tomato-geb0a06eb2_1280-1024x682.jpg 1024w, https:\/\/riblanc.es\/wp-content\/uploads\/2022\/12\/tomato-geb0a06eb2_1280-300x200.jpg 300w, https:\/\/riblanc.es\/wp-content\/uploads\/2022\/12\/tomato-geb0a06eb2_1280-768x512.jpg 768w, https:\/\/riblanc.es\/wp-content\/uploads\/2022\/12\/tomato-geb0a06eb2_1280.jpg 1280w\" sizes=\"(max-width: 392px) 100vw, 392px\" \/><figcaption class=\"wp-element-caption\"><strong>Planta de tomate da\u00f1ada por sequ\u00eda<\/strong><\/figcaption><\/figure>\n<\/div><\/div><\/div>\n<\/div><\/section><\/div>\n\n\n\n<div class=\"section-wrapper\" data-id=\"54ExZn\"><section class=\"wp-block-gutenverse-section guten-element guten-section guten-54ExZn layout-boxed align-stretch\"><div class=\"guten-background-overlay\"><\/div><div class=\"guten-shape-divider guten-shape-divider-top\"><\/div><div class=\"guten-shape-divider guten-shape-divider-bottom\"><\/div><div class=\"guten-container guten-column-gap-default\">\n<div class=\"wp-block-gutenverse-column guten-element guten-column guten-MjR2GP\"><div class=\"guten-background-overlay\"><\/div><div class=\"sticky-wrapper\" data-id=\"MjR2GP\"><div class=\"guten-column-wrapper\">\n<h2 class=\"wp-block-gutenverse-heading guten-element guten-C82P6u animated guten-element-hide desktop-fadeInLeft\">Riesgos no cubiertos<\/h2>\n\n\n\n<div class=\"guten-element gutenverse-text-editor guten-dJwKXO animated guten-element-hide desktop-fadeInLeft\"><div class=\"text-content-inner\">\n<p>Se excluyen de las garant\u00edas del seguro los da\u00f1os producidos por:<\/p>\n\n\n\n<div class=\"guten-element guten-icon-list guten-ZRgAeu\">\n<div class=\"guten-element guten-icon-list-item guten-m3ehtc\"><a id=\"guten-m3ehtc\"><i class=\"fas fa-check\"><\/i><span class=\"list-text \"><strong>Plagas<\/strong><\/span><\/a><\/div>\n\n\n\n<div class=\"guten-element guten-icon-list-item guten-9jrGb1\"><a id=\"guten-9jrGb1\"><i class=\"fas fa-check\"><\/i><span class=\"list-text \"><strong>Enfermedades<\/strong><\/span><\/a><\/div>\n\n\n\n<div class=\"guten-element guten-icon-list-item guten-HAwd7y\"><a id=\"guten-HAwd7y\"><i class=\"fas fa-check\"><\/i><span class=\"list-text \"><strong>Sequ\u00eda<\/strong><\/span><\/a><\/div>\n\n\n\n<div class=\"guten-element guten-icon-list-item guten-mIh7YQ\"><a id=\"guten-mIh7YQ\"><i class=\"fas fa-check\"><\/i><span class=\"list-text \"><strong>Desequilibrios fisiol\u00f3gicos<\/strong><\/span><\/a><\/div>\n<\/div>\n\n\n\n<div class=\"guten-element guten-icon-list guten-LAJHYC\">\n<div class=\"guten-element guten-icon-list-item guten-INSaoq\"><a id=\"guten-INSaoq\"><i class=\"fas fa-check\"><\/i><span class=\"list-text \"><strong>Sobremadurez<\/strong><\/span><\/a><\/div>\n\n\n\n<div class=\"guten-element guten-icon-list-item guten-ZtXSop\"><a id=\"guten-ZtXSop\"><i class=\"fas fa-check\"><\/i><span class=\"list-text \"><strong>Mala polinizaci\u00f3n<\/strong><\/span><\/a><\/div>\n\n\n\n<div class=\"guten-element guten-icon-list-item guten-VzYUh5\"><a id=\"guten-VzYUh5\"><i class=\"fas fa-check\"><\/i><span class=\"list-text \"><strong>Cuajado<\/strong><\/span><\/a><\/div>\n<\/div>\n\n\n\n<p><\/p>\n\n\n\n<p>O cualquier otra causa que pueda preceder, acompa\u00f1ar o seguir a los riesgos cubiertos.<\/p>\n\n\n\n<p>Quedan expresamente <strong>excluidas<\/strong> de esta garant\u00eda las p\u00e9rdidas de producci\u00f3n ocasionadas por <strong>enfermedades<\/strong> y defectos en los frutos que <strong>no<\/strong> obedezcan a un <strong>origen clim\u00e1tico<\/strong>.<br><\/p>\n\n\n\n<p>Tambi\u00e9n, quedar\u00e1n <strong>excluidas<\/strong> las <strong>p\u00e9rdidas<\/strong> de cosecha <strong>ocasionadas<\/strong> por:<\/p>\n\n\n\n<ul class=\"wp-block-list\">\n<li> <strong>retrasos vegetativos<\/strong> que se puedan producir en el cultivo.<\/li>\n\n\n\n<li> <strong>cultivar fuera de ciclo <\/strong>(tanto por fecha de siembra o transplante incorrecta como por retraso en la recolecci\u00f3n).<\/li>\n<\/ul>\n<\/div><\/div>\n<\/div><\/div><\/div>\n<\/div><\/section><\/div>\n<\/div><\/div><\/div>\n<\/div><\/section><\/div>\n\n\n\n<div class=\"guten-element gutenverse-text-editor guten-mRcZat animated guten-element-hide desktop-fadeInLeft\"><div class=\"text-content-inner\">\n<div class=\"section-wrapper\" data-id=\"B5AU3d\"><section class=\"wp-block-gutenverse-section guten-element guten-section guten-B5AU3d layout-boxed align-stretch\"><div class=\"guten-background-overlay\"><\/div><div class=\"guten-shape-divider guten-shape-divider-top\"><\/div><div class=\"guten-shape-divider guten-shape-divider-bottom\"><\/div><div class=\"guten-container guten-column-gap-default\">\n<div class=\"wp-block-gutenverse-column guten-element guten-column guten-9VKs0O\"><div class=\"guten-background-overlay\"><\/div><div class=\"sticky-wrapper\" data-id=\"9VKs0O\"><div class=\"guten-column-wrapper\"><\/div><\/div><\/div>\n<\/div><\/section><\/div>\n<\/div><\/div>\n","protected":false},"excerpt":{"rendered":"","protected":false},"author":1,"featured_media":0,"parent":0,"menu_order":0,"comment_status":"closed","ping_status":"closed","template":"","meta":{"footnotes":""},"class_list":["post-1268","page","type-page","status-publish","hentry"],"aioseo_notices":[],"_links":{"self":[{"href":"https:\/\/riblanc.es\/index.php\/wp-json\/wp\/v2\/pages\/1268","targetHints":{"allow":["GET"]}}],"collection":[{"href":"https:\/\/riblanc.es\/index.php\/wp-json\/wp\/v2\/pages"}],"about":[{"href":"https:\/\/riblanc.es\/index.php\/wp-json\/wp\/v2\/types\/page"}],"author":[{"embeddable":true,"href":"https:\/\/riblanc.es\/index.php\/wp-json\/wp\/v2\/users\/1"}],"replies":[{"embeddable":true,"href":"https:\/\/riblanc.es\/index.php\/wp-json\/wp\/v2\/comments?post=1268"}],"version-history":[{"count":42,"href":"https:\/\/riblanc.es\/index.php\/wp-json\/wp\/v2\/pages\/1268\/revisions"}],"predecessor-version":[{"id":2005,"href":"https:\/\/riblanc.es\/index.php\/wp-json\/wp\/v2\/pages\/1268\/revisions\/2005"}],"wp:attachment":[{"href":"https:\/\/riblanc.es\/index.php\/wp-json\/wp\/v2\/media?parent=1268"}],"curies":[{"name":"wp","href":"https:\/\/api.w.org\/{rel}","templated":true}]}}